{"id":146,"date":"2019-07-13T00:48:35","date_gmt":"2019-07-13T00:48:35","guid":{"rendered":"https:\/\/hechoamanoecuador.com\/luffa\/?post_type=product&#038;p=146"},"modified":"2020-12-09T15:09:35","modified_gmt":"2020-12-09T15:09:35","slug":"manopla-circular-luffa","status":"publish","type":"product","link":"https:\/\/hechoamanoecuador.com\/luffa\/shop\/manopla-circular-luffa\/","title":{"rendered":"Manopla Circular Luffa"},"content":{"rendered":"","protected":false},"excerpt":{"rendered":"<p>Compuesto por dos caras de luffa, cosida con hilo de algod\u00f3n, con una cinta para su sujeci\u00f3n. Ideal para todo el cuerpo. 100% biodegradable, estimula el riego sangu\u00edneo, exfoliante natural. Cultivada con abono org\u00e1nico, libre de qu\u00edmicos. Di\u00e1metro de 10 a 12cm aproximadamente<\/p>\n","protected":false},"featured_media":957,"template":"","meta":{"postBodyMargin":[],"postBodyPadding":[],"postBodyBackground":{"backgroundType":"classic","gradient":""}},"product_brand":[],"product_cat":[19],"product_tag":[253,254,250,255],"yst_prominent_words":[],"class_list":{"0":"post-146","1":"product","2":"type-product","3":"status-publish","4":"has-post-thumbnail","6":"product_cat-luffa_bano","7":"product_tag-esponja-vegetal","8":"product_tag-exfoliante-natural","9":"product_tag-luffa","10":"product_tag-manopla-luffa","12":"first","13":"instock","14":"shipping-taxable","15":"purchasable","16":"product-type-simple"},"yoast_head":"<!-- This site is optimized with the Yoast SEO Premium plugin v14.0.4 - https:\/\/yoast.com\/wordpress\/plugins\/seo\/ -->\n<title>Manopla Circular Luffa - Esponja o estropajo de ba\u00f1o natural luffa<\/title>\n<meta name=\"robots\" content=\"index, follow\" \/>\n<meta name=\"googlebot\" content=\"index, follow, max-snippet:-1, max-image-preview:large, max-video-preview:-1\" \/>\n<meta name=\"bingbot\" content=\"index, follow, max-snippet:-1, max-image-preview:large, max-video-preview:-1\" \/>\n<link rel=\"canonical\" href=\"https:\/\/hechoamanoecuador.com\/luffa\/shop\/manopla-circular-luffa\/\" \/>\n<meta property=\"og:locale\" content=\"es_ES\" \/>\n<meta property=\"og:type\" content=\"article\" \/>\n<meta property=\"og:title\" content=\"Manopla Circular Luffa - Esponja o estropajo de ba\u00f1o natural luffa\" \/>\n<meta property=\"og:description\" content=\"Compuesto por dos caras de luffa, cosida con hilo de algod\u00f3n, con una cinta para su sujeci\u00f3n. Ideal para todo el cuerpo. 100% biodegradable, estimula el riego sangu\u00edneo, exfoliante natural. Cultivada con abono org\u00e1nico, libre de qu\u00edmicos. Di\u00e1metro de 10 a 12cm aproximadamente\" \/>\n<meta property=\"og:url\" content=\"https:\/\/hechoamanoecuador.com\/luffa\/shop\/manopla-circular-luffa\/\" \/>\n<meta property=\"og:site_name\" content=\"Esponja o estropajo de ba\u00f1o natural luffa\" \/>\n<meta property=\"article:modified_time\" content=\"2020-12-09T15:09:35+00:00\" \/>\n<meta property=\"og:image\" content=\"https:\/\/hechoamanoecuador.com\/luffa\/wp-content\/uploads\/2019\/07\/luffa_21_03_2020_04.jpg\" \/>\n\t<meta property=\"og:image:width\" content=\"783\" \/>\n\t<meta property=\"og:image:height\" content=\"783\" \/>\n<meta name=\"twitter:card\" content=\"summary_large_image\" \/>\n<script type=\"application\/ld+json\" class=\"yoast-schema-graph\">{\"@context\":\"https:\/\/schema.org\",\"@graph\":[{\"@type\":\"Organization\",\"@id\":\"https:\/\/hechoamanoecuador.com\/luffa\/#organization\",\"name\":\"Luffa esponja o estropajo de ba\\u00f1o natural\",\"url\":\"https:\/\/hechoamanoecuador.com\/luffa\/\",\"sameAs\":[],\"logo\":{\"@type\":\"ImageObject\",\"@id\":\"https:\/\/hechoamanoecuador.com\/luffa\/#logo\",\"inLanguage\":\"es\",\"url\":\"https:\/\/hechoamanoecuador.com\/luffa\/wp-content\/uploads\/2019\/07\/luffa-esponja-vegetal.png\",\"width\":417,\"height\":134,\"caption\":\"Luffa esponja o estropajo de ba\\u00f1o natural\"},\"image\":{\"@id\":\"https:\/\/hechoamanoecuador.com\/luffa\/#logo\"}},{\"@type\":\"WebSite\",\"@id\":\"https:\/\/hechoamanoecuador.com\/luffa\/#website\",\"url\":\"https:\/\/hechoamanoecuador.com\/luffa\/\",\"name\":\"Esponja o estropajo de ba\\u00f1o natural luffa\",\"description\":\"Productos naturales para el cuidado de la piel en adultos y ni\\u00f1os ambato ecuador productores de luffa,  esponja o estropajo exfoliante para ba\\u00f1o\",\"publisher\":{\"@id\":\"https:\/\/hechoamanoecuador.com\/luffa\/#organization\"},\"potentialAction\":[{\"@type\":\"SearchAction\",\"target\":\"https:\/\/hechoamanoecuador.com\/luffa\/?s={search_term_string}\",\"query-input\":\"required name=search_term_string\"}],\"inLanguage\":\"es\"},{\"@type\":\"ImageObject\",\"@id\":\"https:\/\/hechoamanoecuador.com\/luffa\/shop\/manopla-circular-luffa\/#primaryimage\",\"inLanguage\":\"es\",\"url\":\"https:\/\/hechoamanoecuador.com\/luffa\/wp-content\/uploads\/2019\/07\/luffa_21_03_2020_04.jpg\",\"width\":783,\"height\":783,\"caption\":\"luffa, calabazaec, handmade ecuador, hecho a mano, artesan\\u00edas, desponja vegetal, ambato, ecuador, exfoliante natural\"},{\"@type\":\"WebPage\",\"@id\":\"https:\/\/hechoamanoecuador.com\/luffa\/shop\/manopla-circular-luffa\/#webpage\",\"url\":\"https:\/\/hechoamanoecuador.com\/luffa\/shop\/manopla-circular-luffa\/\",\"name\":\"Manopla Circular Luffa - Esponja o estropajo de ba\\u00f1o natural luffa\",\"isPartOf\":{\"@id\":\"https:\/\/hechoamanoecuador.com\/luffa\/#website\"},\"primaryImageOfPage\":{\"@id\":\"https:\/\/hechoamanoecuador.com\/luffa\/shop\/manopla-circular-luffa\/#primaryimage\"},\"datePublished\":\"2019-07-13T00:48:35+00:00\",\"dateModified\":\"2020-12-09T15:09:35+00:00\",\"breadcrumb\":{\"@id\":\"https:\/\/hechoamanoecuador.com\/luffa\/shop\/manopla-circular-luffa\/#breadcrumb\"},\"inLanguage\":\"es\",\"potentialAction\":[{\"@type\":\"ReadAction\",\"target\":[\"https:\/\/hechoamanoecuador.com\/luffa\/shop\/manopla-circular-luffa\/\"]}]},{\"@type\":\"BreadcrumbList\",\"@id\":\"https:\/\/hechoamanoecuador.com\/luffa\/shop\/manopla-circular-luffa\/#breadcrumb\",\"itemListElement\":[{\"@type\":\"ListItem\",\"position\":1,\"item\":{\"@type\":\"WebPage\",\"@id\":\"https:\/\/hechoamanoecuador.com\/luffa\/\",\"url\":\"https:\/\/hechoamanoecuador.com\/luffa\/\",\"name\":\"Inicio\"}},{\"@type\":\"ListItem\",\"position\":2,\"item\":{\"@type\":\"WebPage\",\"@id\":\"https:\/\/hechoamanoecuador.com\/luffa\/shop\/\",\"url\":\"https:\/\/hechoamanoecuador.com\/luffa\/shop\/\",\"name\":\"Shop\"}},{\"@type\":\"ListItem\",\"position\":3,\"item\":{\"@type\":\"WebPage\",\"@id\":\"https:\/\/hechoamanoecuador.com\/luffa\/shop\/manopla-circular-luffa\/\",\"url\":\"https:\/\/hechoamanoecuador.com\/luffa\/shop\/manopla-circular-luffa\/\",\"name\":\"Manopla Circular Luffa\"}}]}]}<\/script>\n<!-- \/ Yoast SEO Premium plugin. -->","_links":{"self":[{"href":"https:\/\/hechoamanoecuador.com\/luffa\/wp-json\/wp\/v2\/product\/146","targetHints":{"allow":["GET"]}}],"collection":[{"href":"https:\/\/hechoamanoecuador.com\/luffa\/wp-json\/wp\/v2\/product"}],"about":[{"href":"https:\/\/hechoamanoecuador.com\/luffa\/wp-json\/wp\/v2\/types\/product"}],"wp:featuredmedia":[{"embeddable":true,"href":"https:\/\/hechoamanoecuador.com\/luffa\/wp-json\/wp\/v2\/media\/957"}],"wp:attachment":[{"href":"https:\/\/hechoamanoecuador.com\/luffa\/wp-json\/wp\/v2\/media?parent=146"}],"wp:term":[{"taxonomy":"product_brand","embeddable":true,"href":"https:\/\/hechoamanoecuador.com\/luffa\/wp-json\/wp\/v2\/product_brand?post=146"},{"taxonomy":"product_cat","embeddable":true,"href":"https:\/\/hechoamanoecuador.com\/luffa\/wp-json\/wp\/v2\/product_cat?post=146"},{"taxonomy":"product_tag","embeddable":true,"href":"https:\/\/hechoamanoecuador.com\/luffa\/wp-json\/wp\/v2\/product_tag?post=146"},{"taxonomy":"yst_prominent_words","embeddable":true,"href":"https:\/\/hechoamanoecuador.com\/luffa\/wp-json\/wp\/v2\/yst_prominent_words?post=146"}],"curies":[{"name":"wp","href":"https:\/\/api.w.org\/{rel}","templated":true}]}}